) = 502*j - 10123. Calculate x(18).
-1087
Let n(l) = -l**2 - 1182*l - 268040. Give n(-306).
16
Let f(y) = y**3 + 19*y**2 + 612*y + 3788. Calculate f(-7).
92
Let m(h) = -h**3 - 64*h**2 - 341*h + 1272. Give m(-56).
-4720
Let p(r) = 20*r**3 - 193*r**2 - 394*r - 8. Give p(-2).
-152
Let w(s) = -s**3 + s**2 + 42250*s + 126751. Determine w(-3).
37
Let i(x) = -2*x**2 - 4100*x + 8203. What is i(2)?
-5
Let f(t) = -t**3 - 17*t**2 + 42*t + 928. Determine f(-16).
0
Let t(k) = -19764*k - 1264702. Calculate t(-64).
194
Let f(m) = -960*m - 10648. Determine f(-11).
-88
Let g(s) = -694*s + 1803. Calculate g(3).
-279
Let l(y) = -y**3 + 151*y**2 + 770*y + 1550. Calculate l(156).
-10
Let v(o) = -18254*o + 821426. Calculate v(45).
-4
Let o(l) = -587*l - 38534. Give o(-66).
208
Let o(j) = 258*j**2 - 128234*j + 3971. Give o(497).
-5
Let q(o) = -64*o**2 + 6998*o - 2389. Determine q(109).
9
Let d(c) = 3*c**3 + 433*c**2 - 1159*c + 2506. Determine d(-147).
7
Let u(o) = o**3 - 37*o**2 - 157*o - 32. Calculate u(41).
255
Let q(w) = -w**2 + 10*w + 10313. Determine q(-96).
137
Let m(y) = -y**3 + 103*y**2 + 2126*y + 20. Give m(-17).
-1442
Let z(v) = -31*v**3 + 1270*v**2 + 32*v + 209. Determine z(41).
-160
Let q(z) = 1752*z + 19276. Determine q(-11).
4
Let i(r) = -2*r**3 + 14*r**2 - 507*r + 7543. Determine i(14).
-2299
Let v(y) = y**3 - 2200*y**2 - 15441*y + 89. Determine v(-7).
33
Let j(c) = 31036*c + 496432. What is j(-16)?
-144
Let h(x) = x**3 - 353*x**2 + 733*x - 10872. Calculate h(351).
9
Let y(v) = 23*v**2 + 1286*v + 5832. What is y(-5)?
-23
Let l(j) = -4963*j - 1434516. Calculate l(-289).
-209
Let w(v) = -626*v + 18152. Give w(29).
-2
Let g(z) = -2*z**2 - 759*z + 138254. Calculate g(-514).
-12
Let d(t) = -2*t**2 - 303*t - 10511. What is d(-52)?
-163
Let w(i) = 12*i**2 + 1479*i + 1399. Give w(-123).
1030
Let h(s) = -9*s**2 - 177*s - 1306. Determine h(-7).
-508
Let f(c) = 5*c**2 + 444*c + 1722. What is f(-4)?
26
Let l(t) = -t**2 - 768*t + 108601. Calculate l(122).
21
Let x(h) = 9*h**2 + 118*h - 707. Give x(-17).
-112
Let b(c) = 1051*c**2 - 8575*c - 63. What is b(8)?
-1399
Let w(k) = 5544*k + 2566912. Determine w(-463).
40
Let c(v) = 3*v**3 + 14*v**2 + 136*v + 732. Determine c(-5).
27
Let p(c) = 6*c**3 + 3779*c**2 - 626*c + 2522. Give p(-630).
2
Let x(l) = -l**3 - 196*l**2 - 9058*l + 1207. Calculate x(-75).
-68
Let w(h) = -4*h**3 - 74*h**2 - 164*h + 56. Give w(-16).
120
Let d(g) = 8*g**2 + 4720*g - 14167. Give d(3).
65
Let y(f) = 5*f**3 - 20*f**2 + 3*f + 2. Give y(7).
758
Let r(w) = -1618*w**2 - 6463*w + 40. What is r(-4)?
4
Let m(a) = 15*a**2 + 2187*a + 383. Determine m(-146).
821
Let n(a) = a**3 - 11*a**2 + 34*a - 24. Give n(0).
-24
Let a(v) = -v**2 - 15327*v - 5767244. What is a(-386)?
-18
Let m(o) = -o**3 + 161*o**2 - 45*o - 67821. Determine m(158).
-39
Let h(u) = 10913*u + 3011983. What is h(-276)?
-5
Let h(r) = 44*r**2 - 877*r + 296. Give h(19).
-483
Let i(v) = -8*v - 1273. Give i(-162).
23
Let u(z) = -29*z**2 - 9814*z - 4048. What is u(-338)?
8
Let r(c) = -6697*c - 1037951. Give r(-155).
84
Let c(d) = d**3 + 65*d**2 - 16766*d - 43. Calculate c(-166).
-43
Let j(x) = -x**3 - 2178*x**2 - 17358*x + 11. Give j(-8).
-5
Let t(b) = 1014*b - 308250. What is t(304)?
6
Let o(s) = -11*s**2 + 3024*s + 86356. Give o(301).
-31
Let m(u) = 43891*u + 307001. Calculate m(-7).
-236
Let y(t) = 38108*t - 3315369. What is y(87)?
27
Let m(y) = -y**3 + 177*y**2 + 9*y - 1513. What is m(177)?
80
Let i(s) = -12787*s - 12748674. Calculate i(-997).
-35
Let w(g) = -51228*g + 153812. Calculate w(3).
128
Let d(x) = -2*x**2 + 286918*x + 2008465. Determine d(-7).
-59
Let p(a) = -7*a**2 + 961*a - 1209. Determine p(134).
1873
Let o(j) = -552420*j + 28173429. What is o(51)?
9
Let m(g) = 2*g**3 - 55*g**2 + 81*g - 117. Determine m(26).
-39
Let j(o) = -3*o**3 - 6*o**2 + 30*o + 14. Calculate j(-5).
89
Let g(x) = 78*x**2 + 159*x - 1075. Give g(-5).
80
Let l(x) = 19*x**2 - 618*x + 1933. Determine l(29).
-10
Let x(a) = 2*a**2 + 3520*a + 207274. Calculate x(-61).
-4
Let b(r) = -185*r**2 - 296*r - 149. Calculate b(-2).
-297
Let g(z) = -3*z**3 - 39*z**2 + 110*z + 203. Determine g(-15).
-97
Let w(i) = i**2 + 777*i + 141244. Calculate w(-487).
14
Let u(k) = k**3 + 4*k**2 - 59*k - 256. Give u(-4).
-20
Let b(l) = 47*l**2 - 3*l - 70. What is b(2)?
112
Let f(d) = -358*d - 157506. What is f(-438)?
-702
Let d(q) = 5*q**3 + 489*q**2 - 100*q - 188. What is d(-98)?
8
Let v(a) = 26*a**2 + 50*a - 156. What is v(9)?
2400
Let l(s) = 1189*s + 7169. Calculate l(-6).
35
Let y(o) = 3*o**3 - 223*o**2 + 932*o - 1474. Give y(70).
66
Let a(q) = -1900*q**2 + q + 1. Give a(1).
-1898
Let f(u) = -122*u**2 + 473*u - 12. Calculate f(4).
-72
Let f(c) = c**2 + 55*c - 3302. Give f(36).
-26
Let d(b) = 25*b**2 + 632*b - 1157. Give d(-27).
4
Let j(d) = 3*d**2 + 106*d - 1704. Give j(14).
368
Let q(l) = l**2 - 74824*l + 1795228. Calculate q(24).
28
Let l(c) = -28891*c - 173475. What is l(-6)?
-129
Let i(p) = -p**3 + 8*p**2 + 172*p + 321. Give i(18).
177
Let q(l) = 6801*l + 863701. What is q(-127)?
-26
Let k(b) = -8*b**3 - 61*b**2 + 57*b + 336. What is k(-7)?
-308
Let z(x) = x**2 - 135*x + 3990. Give z(30).
840
Let t(o) = o**3 - 469*o**2 + 2270*o + 241. Determine t(5).
-9
Let w(b) = -16*b**2 + 66*b - 70. Calculate w(14).
-2282
Let t(p) = -21*p**2 - 4309*p - 5547. Give t(-204).
-447
Let r(y) = -2*y**3 + 103*y**2 + 2993*y - 2882. Give r(72).
70
Let t(g) = -691*g - 6072. Calculate t(-7).
-1235
Let y(p) = p**2 + 274*p + 18139. Calculate y(-162).
-5
Let q(m) = -m**3 + 176*m**2 + 338*m + 2460. Calculate q(178).
-744
Let b(m) = m**3 + 376*m**2 + 13737*m - 46. What is b(-41)?
-128
Let f(w) = -4*w**3 - 67*w**2 + 211*w + 3835. What is f(-17)?
537
Let n(w) = 49*w**2 + 5242*w + 131281. Determine n(-67).
28
Let d(n) = 6*n**2 + 911*n - 1891. Give d(-154).
111
Let m(u) = u**3 + 7*u**2 + 120*u - 951. What is m(7)?
575
Let n(a) = -22*a**2 + 2972*a - 386. Determine n(135).
-116
Let k(z) = 23*z + 515. Give k(-11).
262
Let z(t) = -40*t - 351. What is z(-51)?
1689
Let i(v) = -2*v**2 - 172*v - 1120. What is i(-78)?
128
Let t(u) = -7*u**2 + 4762*u - 446442. Calculate t(568).
6
Let z(x) = x**2 - 2463*x - 32209. Calculate z(-13).
-21
Let g(o) = o**3 + 118*o**2 - 1011*o - 2975. Determine g(-126).
-2597
Let u(p) = -2791*p - 8317. What is u(-3)?
56
Let o(q) = 766263*q + 14558992. Give o(-19).
-5
Let x(q) = -q**2 - 15004*q - 568608. Give x(-38).
100
Let r(s) = 1489558*s - 44686738. Give r(30).
2
Let c(j) = -4*j**3 - 16*j**2 + 918*j + 607. What is c(-17)?
29
Let v(f) = -6795*f + 9639. Calculate v(2).
-3951
Let l(u) = -7*u**2 - 291*u + 5350. Calculate l(-56).
-306
Let n(u) = u**3 - 221*u**2 + 11713*u - 1159. Give n(133).
38
Let y(o) = -3*o**2 - 7483*o + 7486. Calculate y(1).
0
Let b(m) = -6381*m - 848911. Give b(-133).
-238
Let m(s) = s**3 - 14*s**2 + 35608*s - 462746. Calculate m(13).
-11
Let b(q) = -q**2 + 430*q - 37377. Give b(121).
12
Let x(k) = 8605*k + 5748126. Give x(-668).
-14
Let k(n) = -166*n**2 - 23633*n + 15017. What is k(-143)?
2
Let s(d) = d**3 - 80*d**2 - 480*d + 25927. Give s(82).
15
Let k(h) = 12*h**2 - 31*h - 287. Calculate k(-7).
518
Let q(m) = -2*m**2 - 53*m - 109. Give q(16).
-1469
Let z(j) = 1289*j**2 - 595520*j + 901. What is z(462)?
-23
Let n(m) = -447*m + 1790. Calculate n(6).
-892
Let t(j) = -10*j**3 + 69*j**2 + 54*j + 149. Give t(8).
-123
Let s(t) = t**3 + 3818*t**2 - 65200*t + 87. Determine s(17).
2
Let m(o) = 25*o**3 + 79*o**2 + 26*o + 44. Give m(-3).
2
Let c(x) = -17181*x + 2388298. Determine c(139).
139
Let b(f) = -68699*f + 412197. Determine b(6).
3
Let j(u) = -u**3 + 63*u**2 - 370*u - 1198. Give j(56).
34
Let o(s) = -411*s**2 - 38226*s - 283. Give o(-93).
-4
Let l(t) = -47*t**2 - 7439*t + 37245. Calculate l(5).
-1125
Let h(w) = -w**3 - 29*w**2 - 20*w + 32. Give h(0).
32
Let j(o) = -o**3 - 26*o**2 - 118*o + 122. Calculate j(-19).
-163
Let f(m) = 1903*m - 52761. Determine f(27).
-1380
Let s(m) = -698*m + 42591. Determine s(61).
13
Let j(o) = -25*o**2 + 77*o - 107. Give j(5).
-347
Let d(f) = 8*f**3 - 4115*f**2 + 13780*f + 8742. What is d(511)?
55
Let f(n) = 5310*n - 589408. What is f(111)?
2
Let j(n) = 7974*n**2 - 23938*n + 33. What is j(3)?
-15
Let u(s) = s**2 + 79417*s + 1429172. Calculate u(-18).
-10
Let r(b) = 2*b**3 - 43*b**2 + 625*b + 5. Det